 is the highest common divisor of 36 and 414?
18
Calculate the highest common factor of 6931 and 29.
29
What is the greatest common factor of 100 and 3020?
20
Calculate the highest common divisor of 200 and 4350.
50
Calculate the highest common divisor of 8290 and 20.
10
Calculate the highest common divisor of 117 and 1035.
9
What is the highest common divisor of 42 and 154?
14
What is the highest common factor of 160 and 9824?
32
Calculate the highest common divisor of 4 and 148.
4
Calculate the highest common factor of 4257 and 11.
11
What is the greatest common factor of 54 and 6498?
18
Calculate the highest common factor of 2882 and 66.
22
What is the greatest common factor of 490 and 1190?
70
What is the greatest common divisor of 150 and 60?
30
Calculate the highest common divisor of 45 and 75.
15
What is the greatest common divisor of 38255 and 35?
35
Calculate the greatest common factor of 182 and 98.
14
Calculate the greatest common factor of 154 and 693.
77
Calculate the highest common divisor of 91 and 126.
7
Calculate the greatest common factor of 56 and 952.
56
What is the greatest common divisor of 403 and 62?
31
Calculate the highest common factor of 16 and 284.
4
Calculate the highest common factor of 153 and 255.
51
Calculate the greatest common divisor of 2 and 28.
2
What is the highest common factor of 9 and 16560?
9
What is the highest common factor of 6984 and 20?
4
What is the highest common factor of 35888 and 32?
16
Calculate the highest common divisor of 324 and 81.
81
What is the highest common factor of 36 and 348?
12
What is the highest common divisor of 20 and 3940?
20
What is the highest common factor of 134 and 134?
134
Calculate the highest common factor of 333 and 10767.
111
What is the highest common divisor of 18 and 111?
3
Calculate the greatest common divisor of 1017 and 36.
9
What is the highest common divisor of 1242 and 30?
6
Calculate the greatest common divisor of 12111 and 33.
33
What is the highest common divisor of 33 and 352?
11
Calculate the greatest common divisor of 161 and 1219.
23
What is the highest common divisor of 96 and 1056?
96
Calculate the greatest common factor of 40 and 1528.
8
What is the greatest common factor of 7169 and 214?
107
What is the highest common divisor of 2 and 54?
2
What is the highest common divisor of 54 and 864?
54
What is the highest common divisor of 1749 and 165?
33
Calculate the highest common factor of 105 and 240.
15
Calculate the greatest common factor of 34 and 448.
2
Calculate the greatest common factor of 424 and 53.
53
What is the highest common factor of 3 and 624?
3
Calculate the greatest common divisor of 204 and 2172.
12
Calculate the highest common factor of 9 and 477.
9
What is the highest common divisor of 155 and 5?
5
What is the greatest common divisor of 10 and 1685?
5
What is the highest common factor of 18 and 117?
9
Calculate the highest common divisor of 8 and 28.
4
Calculate the highest common factor of 6125 and 5.
5
What is the greatest common factor of 32 and 992?
32
What is the greatest common divisor of 24 and 876?
12
What is the greatest common divisor of 1919 and 101?
101
Calculate the highest common divisor of 1078 and 11.
11
What is the highest common factor of 249 and 2656?
83
Calculate the highest common factor of 234 and 884.
26
What is the greatest common divisor of 10 and 1535?
5
Calculate the highest common factor of 44 and 48532.
44
What is the highest common divisor of 20 and 3020?
20
What is the greatest common factor of 1 and 139?
1
What is the greatest common divisor of 95 and 1235?
95
Calculate the highest common factor of 43 and 2150.
43
What is the highest common divisor of 798 and 570?
114
What is the highest common factor of 40 and 1420?
20
Calculate the greatest common factor of 27 and 108.
27
What is the highest common divisor of 880 and 19140?
220
Calculate the greatest common divisor of 223 and 1.
1
What is the highest common divisor of 9294 and 6?
6
Calculate the highest common factor of 3429 and 27.
27
Calculate the highest common divisor of 5 and 115.
5
What is the highest common factor of 5488 and 336?
112
What is the highest common divisor of 3412 and 2?
2
Calculate the highest common divisor of 36 and 772.
4
What is the greatest common factor of 77 and 187?
11
What is the greatest common factor of 22 and 22?
22
What is the highest common divisor of 139 and 695?
139
What is the greatest common divisor of 5 and 295?
5
Calculate the greatest common factor of 1024 and 232.
8
What is the highest common factor of 9 and 77445?
9
What is the highest common factor of 82 and 451?
41
Calculate the highest common divisor of 5380 and 40.
20
What is the highest common divisor of 37 and 481?
37
Calculate the highest common divisor of 441 and 189.
63
What is the greatest common factor of 1274 and 26?
26
What is the greatest common factor of 30 and 6990?
30
What is the greatest common factor of 28561 and 338?
169
Calculate the highest common factor of 456 and 57.
57
Calculate the highest common divisor of 221 and 323.
17
Calculate the greatest common factor of 50 and 115.
5
What is the highest common factor of 341 and 775?
31
What is the highest common divisor of 2376 and 176?
88
What is the greatest common factor of 17 and 578?
17
What is the greatest common factor of 11765 and 65?
65
Calculate the greatest common factor of 9 and 99.
9
What is the highest common divisor of 153 and 51?
51
Calculate the highest common factor of 12969 and 22.
11
What is the highest common factor of 325 and 6448?
13
Calculate the greatest common factor of 4 and 388.
4
What is the greatest common divisor of 90 and 20?
10
Calculate the highest common factor of 7328 and 64.
32
What is the highest common factor of 3060 and 1938?
102
Calculate the highest common factor of 24 and 712.
8
What is the greatest common factor of 4472 and 130?
26
Calculate the highest common factor of 141 and 752.
47
What is the greatest common divisor of 5920 and 4?
4
Calculate the greatest common divisor of 3266 and 1278.
142
Calculate the highest common factor of 104 and 24.
8
Calculate the highest common factor of 5200 and 120.
40
What is the highest common divisor of 102 and 2278?
34
Calculate the highest common divisor of 14 and 1680.
14
What is the highest common divisor of 13248 and 64?
64
Calculate the greatest common factor of 682 and 5518.
62
What is the highest common factor of 9 and 9426?
3
Calculate the greatest common factor of 17237 and 77.
11
Calculate the greatest common factor of 365 and 292.
73
Calculate the greatest common factor of 736 and 64.
32
Calculate the greatest common divisor of 9240 and 210.
210
What is the greatest common divisor of 98 and 14?
14
What is the greatest common divisor of 3627 and 13?
13
What is the highest common divisor of 2056 and 32?
8
What is the highest common factor of 38400 and 12?
12
What is the highest common divisor of 26 and 559?
13
What is the greatest common divisor of 28 and 5306?
14
Calculate the highest common factor of 61 and 4941.
61
What is the highest common divisor of 84 and 6195?
21
What is the greatest common divisor of 44 and 1056?
44
Calculate the greatest common factor of 22 and 2.
2
Calculate the highest common factor of 81 and 8343.
81
What is the highest common divisor of 132 and 33?
33
Calculate the greatest common divisor of 650 and 455.
65
Calculate the greatest common divisor of 1092 and 36.
12
Calculate the highest common divisor of 375 and 300.
75
What is the greatest common factor of 192 and 80?
16
What is the highest common factor of 207 and 437?
23
Calculate the greatest common factor of 133 and 6251.
133
What is the greatest common divisor of 48 and 4248?
24
What is the greatest common factor of 6106 and 1136?
142
What is the greatest common divisor of 4 and 396?
4
What is the highest common factor of 51 and 3859?
17
Calculate the highest common factor of 151 and 10117.
151
Calculate the highest common factor of 67 and 1273.
67
What is the greatest common factor of 12 and 1524?
12
Calculate the greatest common divisor of 1565 and 5.
5
What is the highest common factor of 204 and 24?
12
Calculate the greatest common factor of 210 and 1910.
10
Calculate the greatest common factor of 6